{"id":419,"date":"2020-04-19T13:07:27","date_gmt":"2020-04-19T11:07:27","guid":{"rendered":"https:\/\/institutoestudiospisoraca.es\/?page_id=419"},"modified":"2025-07-07T02:35:59","modified_gmt":"2025-07-07T00:35:59","slug":"jornadas-de-verano-de-arqueologia-y-patrimonio","status":"publish","type":"page","link":"https:\/\/institutoestudiospisoraca.es\/?page_id=419","title":{"rendered":"Jornadas de verano de arqueolog\u00eda y patrimonio"},"content":{"rendered":"\n<p class=\"text-justify\">Se celebran en Herrera de Pisuerga durante el mes de julio. Todas las conferencias comienzan a las 20:00, son gratuitas y no requieren inscripci\u00f3n previa.<\/p>\n\n\n\n<p class=\"has-text-align-center has-medium-font-size\"><strong>X JORNADAS (2025)<\/strong><\/p>\n\n\n\n<p class=\"has-text-align-center\"><a href=\"http:\/\/herreradepisuerga.es\/index.php\/turismo\/visitas\/casa-del-cangrejo\/\">Casa del Cangrejo<\/a>, Herrera de Pisuerga<\/p>\n\n\n\n<ul class=\"wp-block-list\">\n<li><em>Civitas Maggavi<\/em>. Investigaciones recientes en el \u00e1rea Cild\u00e1-Santa Mar\u00eda de Mave. <em>Javier Quintana L\u00f3pez <\/em>(15\/07\/2025).<\/li>\n\n\n\n<li>Nitratos en nuestras aguas. Origen, riesgos y soluciones. <em>Sa\u00fal Vallejos Calzada <\/em>(17\/07\/2025).<\/li>\n\n\n\n<li>Las plazas mayores en la provincia de Palencia. <em>Luis Antonio Arroyo Rodr\u00edguez <\/em>(22\/07\/2025).<\/li>\n\n\n\n<li>Pastoreo y trashumancia. Una visi\u00f3n arqueo-etnogr\u00e1fica. <em><em>Pablo Arribas Lobo<\/em><\/em> (24\/07\/2025).<\/li>\n\n\n\n<li>El consumo de vino y aceite en el norte de Palencia y la antigua Cantabria en \u00e9poca romana altoimperial. <em>Ces\u00e1reo P\u00e9rez Gonz\u00e1lez<\/em> (29\/07\/2025).<\/li>\n<\/ul>\n\n\n\n<p class=\"has-text-align-center\"><a href=\"https:\/\/institutoestudiospisoraca.es\/wp-content\/uploads\/2025\/07\/X-JAPN-2025-WEB.jpg\">Cartel de las jornadas<\/a><\/p>\n\n\n\n<hr class=\"wp-block-separator has-alpha-channel-opacity\"\/>\n\n\n\n<p class=\"has-text-align-center has-medium-font-size\"><strong>IX JORNADAS (2024)<\/strong><\/p>\n\n\n\n<p class=\"has-text-align-center\"><a href=\"http:\/\/herreradepisuerga.es\/index.php\/turismo\/visitas\/casa-del-cangrejo\/\">Casa del Cangrejo<\/a>, Herrera de Pisuerga<\/p>\n\n\n\n<ul class=\"wp-block-list\">\n<li>Telecomunicaciones. Claves t\u00e9cnicas y sociales. <em>Alfredo Cal Montes <\/em>(16\/07\/2024).<\/li>\n\n\n\n<li>Agua, fauna, flora y curiosidades de la vida de los r\u00edos. <em>David Tutor de la Iglesia <\/em>(18\/07\/2024).<\/li>\n\n\n\n<li>Del agua al plato. Productos fluviales en asentamientos romanos de interior en el norte peninsular. <em>Carlos Fern\u00e1ndez Rodr\u00edguez <\/em>(23\/07\/2024).<\/li>\n\n\n\n<li>Patrimonio arqueol\u00f3gico e industrial en el valle alto y medio del Pisuerga. <em><em>Ces\u00e1reo P\u00e9rez Gonz\u00e1lez, Pablo Arribas Lobo<\/em><\/em> (25\/07\/2024).<\/li>\n\n\n\n<li>De este agua no beber\u00e9. De las grandes epidemias a la potabilizaci\u00f3n del agua. <em>Olivia Mart\u00ednez Monge<\/em> (30\/07\/2024).<\/li>\n<\/ul>\n\n\n\n<p class=\"has-text-align-center\"><a href=\"https:\/\/institutoestudiospisoraca.es\/wp-content\/uploads\/2024\/07\/IX-JAPN-2024-WEB.jpg\">Cartel de las jornadas<\/a><\/p>\n\n\n\n<hr class=\"wp-block-separator has-css-opacity\"\/>\n\n\n\n<p class=\"has-text-align-center has-medium-font-size\"><strong>VIII JORNADAS (2023)<\/strong><\/p>\n\n\n\n<p class=\"has-text-align-center\"><a href=\"http:\/\/herreradepisuerga.es\/index.php\/turismo\/visitas\/casa-del-cangrejo\/\">Casa del Cangrejo<\/a>, Herrera de Pisuerga<\/p>\n\n\n\n<ul class=\"wp-block-list\">\n<li>Novedades arqueol\u00f3gicas en el casco urbano de Herrera de Pisuerga, 2022-2023. <em>Francisco J. Marcos Herr\u00e1n, Alejandro Antol\u00edn Abad <\/em>(18\/07\/2023).<\/li>\n\n\n\n<li>Patrimonio cultural: romances y canciones. <em>Luis Antonio Arroyo Rodr\u00edguez <\/em>(20\/07\/2023).<\/li>\n\n\n\n<li>Estudios de antropolog\u00eda f\u00edsica en Herrera de Pisuerga. <em>Jes\u00fas Herrer\u00edn L\u00f3pez <\/em>(25\/07\/2023).<\/li>\n\n\n\n<li>Mujeres migrantes y viajeras en la epigraf\u00eda romana. <em><em>Alicia Ruiz Guti\u00e9rrez<\/em><\/em> (27\/07\/2023).<\/li>\n\n\n\n<li>Mesa redonda \u00abLa huerta herrerense. Taller de experiencias\u00bb. Modera: <em>Ces\u00e1reo P\u00e9rez Gonz\u00e1lez. Participantes: Jos\u00e9 Mar\u00eda Pardo, Eutiquio Gonz\u00e1lez, Jes\u00fas Gonz\u00e1lez, Jos\u00e9 Luis Gonz\u00e1lez, David Tutor<\/em> (01\/08\/2023).<\/li>\n<\/ul>\n\n\n\n<p class=\"has-text-align-center\"><a href=\"https:\/\/institutoestudiospisoraca.es\/wp-content\/uploads\/2023\/07\/japn23.jpg\">Cartel de las jornadas<\/a><\/p>\n\n\n\n<hr class=\"wp-block-separator has-css-opacity\"\/>\n\n\n\n<p class=\"has-text-align-center has-medium-font-size\"><strong>VII JORNADAS (2022)<\/strong><\/p>\n\n\n\n<p class=\"has-text-align-center\"><a href=\"http:\/\/herreradepisuerga.es\/index.php\/turismo\/visitas\/casa-del-cangrejo\/\">Casa del Cangrejo<\/a>, Herrera de Pisuerga<\/p>\n\n\n\n<ul class=\"wp-block-list\">\n<li>Las Cansecas. Un palacete del siglo XVIII en Herrera de Pisuerga. <em>Francisco J. Marcos Herr\u00e1n <\/em>(12\/07\/2022).<\/li>\n\n\n\n<li>Paisaje natural y cultural en el Geoparque de Las Loras. <em>Jos\u00e9 \u00c1ngel S\u00e1nchez <\/em>(14\/07\/2022).<\/li>\n\n\n\n<li>La Legi\u00f3n IIII Maced\u00f3nica. Una breve historia. <em>Alejandro Antol\u00edn Abad <\/em>(19\/07\/2022).<\/li>\n\n\n\n<li>La villa romana de Villabermudo de Ojeda. Utop\u00eda y realidad. <em><em>Ces\u00e1reo P\u00e9rez, <em>Olivia V. Reyes<\/em><\/em><\/em>, <em><em>Pablo Arribas, Andr\u00e9s P\u00e9rez<\/em><\/em> (21\/07\/2022).<\/li>\n\n\n\n<li>Proyecto Royales. Recuperaci\u00f3n y difusi\u00f3n de un lugar singular en el Pisuerga. <em>Alejandro Ramos Benito<\/em> (26\/07\/2022).<\/li>\n\n\n\n<li>Los cementerios tardoantiguos en la provincia de Palencia. <em>Eusebio Dohijo<\/em> (28\/07\/2022).<\/li>\n\n\n\n<li>Paisaje y vegetaci\u00f3n de la Hispania Romana. <em>Jos\u00e9 Ram\u00f3n Arana<\/em> (28\/07\/2022).<\/li>\n<\/ul>\n\n\n\n<p class=\"has-text-align-center\"><a href=\"https:\/\/institutoestudiospisoraca.es\/wp-content\/uploads\/2022\/06\/VII-JAPN-2022-Resolucion-WEB.jpg\">Cartel de las jornadas<\/a><\/p>\n\n\n\n<hr class=\"wp-block-separator has-css-opacity\"\/>\n\n\n\n<p class=\"has-text-align-center has-medium-font-size\"><strong>VI JORNADAS (2021)<\/strong><\/p>\n\n\n\n<p class=\"has-text-align-center\"><a href=\"http:\/\/herreradepisuerga.es\/index.php\/turismo\/visitas\/casa-del-cangrejo\/\">Casa del Cangrejo<\/a>, Herrera de Pisuerga<\/p>\n\n\n\n<ul class=\"wp-block-list\">\n<li>Propuesta para hacer visitable la excavaci\u00f3n del Camino de las \u00c1nimas. <em>Ces\u00e1reo P\u00e9rez Gonz\u00e1lez, Pablo Arribas Lobo, Andr\u00e9s P\u00e9rez Arana <\/em>(15\/07\/2021).<\/li>\n\n\n\n<li>\u00daltimas intervenciones arqueol\u00f3gicas en Herrera de Pisuerga. <em>Francisco Javier Marcos Herr\u00e1n <\/em>(15\/07\/2021).<\/li>\n\n\n\n<li>Aproximaci\u00f3n a la cer\u00e1mica com\u00fan romana de Herrera de Pisuerga. <em>Juan Jos\u00e9 Nervi\u00f3n Chamorro <\/em>(20\/07\/2021).<\/li>\n\n\n\n<li>La sostenibilidad de las civilizaciones a lo largo de la Historia. <em>Toni Arag\u00f3n Rebollo<\/em> (22\/07\/2021).<\/li>\n\n\n\n<li>Ventosa de Pisuerga (La Romana) y otras villas romanas de Castilla y Le\u00f3n. <em>Olivia V. Reyes Hernando<\/em> (27\/07\/2021).<\/li>\n\n\n\n<li>Rescatar y poner en valor el Patrimonio cultural y etnogr\u00e1fico. La vocaci\u00f3n de Gonzalo Alcalde. <em>Roberto Ruiz Salces<\/em> (29\/07\/2021).<\/li>\n\n\n\n<li>Mesa redonda: \u00abRecordando a Gonzalo Alcalde Crespo\u00bb. <em>Luis Antonio Arroyo, Rafael Paradelo, Ces\u00e1reo P\u00e9rez<\/em> (29\/07\/2021).<\/li>\n<\/ul>\n\n\n\n<p class=\"has-text-align-center\"><a href=\"https:\/\/institutoestudiospisoraca.es\/wp-content\/uploads\/2021\/07\/VI-JAPN-2021-A3_2.jpg\">Cartel de las jornadas<\/a><\/p>\n\n\n\n<hr class=\"wp-block-separator has-css-opacity\"\/>\n\n\n\n<p class=\"has-text-align-center has-medium-font-size\"><strong>V JORNADAS (2020)<\/strong><\/p>\n\n\n\n<p class=\"has-text-align-center\"><a href=\"http:\/\/herreradepisuerga.es\/index.php\/turismo\/visitas\/casa-del-cangrejo\/\">Casa del Cangrejo<\/a>, Herrera de Pisuerga<\/p>\n\n\n\n<ul class=\"wp-block-list\">\n<li>Arqueolog\u00eda y arquitectura civil y militar en el norte de Hispania: el Camino de las \u00c1nimas. <em>Ces\u00e1reo P\u00e9rez Gonz\u00e1lez, Pablo Arribas Lobo, Andr\u00e9s P\u00e9rez Arana <\/em>(14\/07\/2020).<\/li>\n\n\n\n<li>Consideraciones sobre la evoluci\u00f3n del paisaje hist\u00f3rico. <em>Ram\u00f3n Arana Montes <\/em>(16\/07\/2020).<\/li>\n\n\n\n<li>Asentamientos romanos de la parte central de Palencia. <em>Santiago Peral Villafruela<\/em> (23\/07\/2020).<\/li>\n\n\n\n<li>Salda\u00f1a y las villas del Carri\u00f3n. <em>Jaime Guti\u00e9rrez P\u00e9rez<\/em> (30\/07\/2020).<\/li>\n<\/ul>\n\n\n\n<p class=\"has-text-align-center\"><a href=\"http:\/\/www.amarc-ieu.education\/html\/images\/japn20.jpg\">Cartel de las jornadas<\/a><\/p>\n\n\n\n<hr class=\"wp-block-separator has-css-opacity\"\/>\n\n\n\n<p class=\"has-text-align-center has-medium-font-size\"><strong>IV JORNADAS (2019)<\/strong><\/p>\n\n\n\n<p class=\"has-text-align-center\"><a href=\"http:\/\/herreradepisuerga.es\/index.php\/turismo\/visitas\/casa-del-cangrejo\/\">Casa del Cangrejo<\/a>, Herrera de Pisuerga<\/p>\n\n\n\n<ul class=\"wp-block-list\">\n<li>Proyecto Camino de las \u00c1nimas, 2016-2019. <em>Ces\u00e1reo P\u00e9rez Gonz\u00e1lez y Pablo Arribas Lobo, <a href=\"http:\/\/www.amarc-ieu.education\/\">IE Universidad<\/a><\/em> (08\/07\/2019).<\/li>\n\n\n\n<li>Producci\u00f3n prehist\u00f3rica de la sal de la laguna de Villaf\u00e1fila. <em>Francisco Javier Abarquero Moras, <a href=\"https:\/\/museoscastillayleon.jcyl.es\/web\/jcyl\/MuseoPalencia\/es\/Plantilla100\/1258120720700\/_\/_\/_\">Museo de Palencia<\/a><\/em> (11\/07\/2019).<\/li>\n\n\n\n<li>Arqueolog\u00eda romana de Cantabria: ciudades y puertos. <em>Alicia Ruiz Guti\u00e9rrez, <a href=\"https:\/\/web.unican.es\/\">Universidad de Cantabria<\/a><\/em> (16\/07\/2019).<\/li>\n\n\n\n<li>El medio natural en la iconograf\u00eda medieval. <em>Miguel Larra\u00f1aga Zulueta, <em><em><a href=\"http:\/\/www.amarc-ieu.education\/\">IE Universidad<\/a><\/em><\/em><\/em> (18\/07\/2019).<\/li>\n\n\n\n<li>Medio natural: agua y tecnolog\u00eda. <em>Ces\u00e1reo P\u00e9rez Gonz\u00e1lez, <em><a href=\"http:\/\/www.amarc-ieu.education\/\">IE Universidad<\/a><\/em><\/em> (23\/07\/2019).<\/li>\n\n\n\n<li>La carreter\u00eda tradicional: testimonios arqueol\u00f3gicos y etnogr\u00e1ficos. <em>Pablo Arribas Lobo, <em><a href=\"http:\/\/www.amarc-ieu.education\/\">IE Universidad<\/a><\/em> \/ \u00c1ngel Garc\u00eda de la Fuente, carretero<\/em> (23\/07\/2019).<\/li>\n\n\n\n<li>La industria \u00f3sea en \u00e9poca romana. <em>Carlos Fern\u00e1ndez Rodr\u00edguez, <a href=\"https:\/\/www.unileon.es\/\">Universidad de Le\u00f3n<\/a><\/em> (25\/07\/2019).<\/li>\n\n\n\n<li>Paisaje y Patrimonio. <em>Miguel \u00c1ngel de la Iglesia, <a href=\"http:\/\/www.uva.es\/export\/sites\/uva\/\">Universidad de Valladolid<\/a><\/em> (30\/07\/2019).<\/li>\n\n\n\n<li>Mesa redonda: \u00abEl Prof. <a href=\"https:\/\/es.wikipedia.org\/wiki\/Emilio_Illarregui_G\u00f3mez\">Emilio Illarregui<\/a> y Herrera de Pisuerga\u00bb. <em>J. San Mill\u00e1n, C. P\u00e9rez, C. de la Casa, G. Alcalde, J.L. San Mill\u00e1n, P. Arribas y otros amigos) <\/em>(31\/07\/2019).<\/li>\n<\/ul>\n\n\n\n<p class=\"has-text-align-center\"><a href=\"http:\/\/www.amarc-ieu.education\/html\/sp-formacion-jornadas.html\">Cartel de las jornadas<\/a><\/p>\n\n\n\n<hr class=\"wp-block-separator has-css-opacity\"\/>\n\n\n\n<p class=\"has-text-align-center has-medium-font-size\"><strong>III JORNADAS (2018)<\/strong><\/p>\n\n\n\n<p class=\"has-text-align-center\"><a href=\"http:\/\/herreradepisuerga.es\/index.php\/turismo\/visitas\/casa-del-cangrejo\/\">Casa del Cangrejo<\/a>, Herrera de Pisuerga<\/p>\n\n\n\n<ul class=\"wp-block-list\">\n<li>Arqueolog\u00eda en el Camino de las \u00c1nimas. <em>Ces\u00e1reo P\u00e9rez Gonz\u00e1lez y Pablo Arribas Lobo, <em><a href=\"http:\/\/www.amarc-ieu.education\/\">IE Universidad<\/a><\/em><\/em> (10\/07\/2018).<\/li>\n\n\n\n<li>Comarcas naturales de la provincia de Palencia. <em>Gonzalo Alcalde Crespo, <a href=\"https:\/\/www.tellotellez.com\/\">Instituci\u00f3n Tello T\u00e9llez de Meneses<\/a><\/em> (10\/07\/2018).<\/li>\n\n\n\n<li>Los caballos del norte. Patrimonio natural. <em>Pilar Arana Montes, <a href=\"https:\/\/www.ucm.es\/\">Universidad Complutense de Madrid<\/a><\/em> (12\/07\/2018).<\/li>\n\n\n\n<li>Etnoarqueolog\u00eda de la sal. Una ventana al pasado. <em>Katia Hueso Kortekaas, <\/em><a href=\"https:\/\/es-es.facebook.com\/ipaisal.org\/\"><em>IPAISAL &#8211; Asociaci\u00f3n de Amigos de las Salinas de Interior<\/em> <\/a>(17\/07\/2018).<\/li>\n\n\n\n<li>Etnoarqueolog\u00eda del metal. <em><em>Pablo Arribas Lobo, <em><a href=\"http:\/\/www.amarc-ieu.education\/\">IE Universidad<\/a><\/em> \/ \u00c1ngel J. Pel\u00e1ez Miguel, herrero<\/em><\/em> (19\/07\/2018).<\/li>\n\n\n\n<li>De arqueolog\u00eda y restauraci\u00f3n. <em>Adelaida Rodr\u00edguez <em>Rodr\u00edguez<\/em>, <a href=\"https:\/\/www.turismocastillayleon.com\/es\/arte-cultura-patrimonio\/museos\/museo-burgos\">Museo de Burgos<\/a><\/em> (24\/07\/2018).<\/li>\n\n\n\n<li>Zooarqueolog\u00eda de \u00e9poca romana. <em>Carlos Fern\u00e1ndez Rodr\u00edguez, <em><a href=\"https:\/\/www.unileon.es\/\">Universidad de Le\u00f3n<\/a><\/em><\/em> (26\/07\/2018).<\/li>\n\n\n\n<li>Mesa redonda: \u00abArqueolog\u00eda y Patrimonio natural: ideas y reflexiones\u00bb<em> <\/em>(26\/07\/2018).<\/li>\n<\/ul>\n\n\n\n<p class=\"has-text-align-center\"><a href=\"http:\/\/www.amarc-ieu.education\/html\/sp-formacion-jap18.html\">Cartel de las jornadas<\/a><\/p>\n\n\n\n<hr class=\"wp-block-separator has-css-opacity\"\/>\n\n\n\n<p class=\"has-text-align-center has-medium-font-size\"><strong>II JORNADAS (2017)<\/strong><\/p>\n\n\n\n<p class=\"has-text-align-center\">Casa de Cultura y <a href=\"http:\/\/herreradepisuerga.es\/index.php\/turismo\/visitas\/centro-de-interpretacion-del-canal-de-castilla\/\">Centro de Interpretaci\u00f3n del Canal de Castilla<\/a>, Herrera de Pisuerga<\/p>\n\n\n\n<ul class=\"wp-block-list\">\n<li>Herrera de Pisuerga y el Proyecto Camino de las \u00c1nimas. <em>Ces\u00e1reo P\u00e9rez Gonz\u00e1lez y Pablo Arribas Lobo <\/em>(12\/07\/2017).<\/li>\n\n\n\n<li>Arqueolog\u00eda y sociedad en el Canal de Castilla. <em>Luis Antonio Arroyo<\/em> (14\/07\/2017). <\/li>\n\n\n\n<li>La domesticaci\u00f3n del caballo en Iberia: historias del ADN antiguo. <em>Jaime Lira Garrido<\/em> (17\/07\/2017).<\/li>\n\n\n\n<li>La vida a la sombra de La Olmeda. <em>Miguel Nozal Calvo<\/em> (19\/07\/2017).<\/li>\n\n\n\n<li>Arqueolog\u00eda de las villas romanas del valle del Eresma. <em>Olivia Reyes Hernando<\/em> (21\/07\/2017).<\/li>\n\n\n\n<li>Iglesias rupestres en el norte de Palencia. <em>Gonzalo Alcalde Crespo<\/em> (24\/07\/2017).<\/li>\n\n\n\n<li>Zooarqueolog\u00eda de \u00e9poca romana. <em>Carlos Fern\u00e1ndez Rodr\u00edguez, M\u00aa Carbajo Arana<\/em> (26\/07\/2017).<\/li>\n\n\n\n<li>La arqueolog\u00eda visigoda en la provincia de Palencia. <em>Eusebio Dohijo, Ces\u00e1reo P\u00e9rez Gonz\u00e1lez, Pablo Arribas Lobo<\/em> (28\/07\/2017).<\/li>\n<\/ul>\n\n\n\n<p class=\"has-text-align-center\"><a href=\"http:\/\/www.amarc-ieu.education\/html\/sp-formacion-jap17.html\">Cartel de las jornadas<\/a><\/p>\n\n\n\n<p><\/p>\n","protected":false},"excerpt":{"rendered":"<p>Se celebran en Herrera de Pisuerga durante el mes de julio. Todas las conferencias comienzan a las 20:00, son gratuitas y no requieren inscripci\u00f3n previa. X JORNADAS (2025) Casa del Cangrejo, Herrera de Pisuerga Cartel de las jornadas IX JORNADAS (2024) Casa del Cangrejo, Herrera de Pisuerga Cartel de las jornadas VIII JORNADAS (2023) Casa [&hellip;]<\/p>\n","protected":false},"author":1,"featured_media":0,"parent":65,"menu_order":0,"comment_status":"closed","ping_status":"closed","template":"fullwidth-page.php","meta":{"footnotes":""},"class_list":["post-419","page","type-page","status-publish","hentry"],"_links":{"self":[{"href":"https:\/\/institutoestudiospisoraca.es\/index.php?rest_route=\/wp\/v2\/pages\/419","targetHints":{"allow":["GET"]}}],"collection":[{"href":"https:\/\/institutoestudiospisoraca.es\/index.php?rest_route=\/wp\/v2\/pages"}],"about":[{"href":"https:\/\/institutoestudiospisoraca.es\/index.php?rest_route=\/wp\/v2\/types\/page"}],"author":[{"embeddable":true,"href":"https:\/\/institutoestudiospisoraca.es\/index.php?rest_route=\/wp\/v2\/users\/1"}],"replies":[{"embeddable":true,"href":"https:\/\/institutoestudiospisoraca.es\/index.php?rest_route=%2Fwp%2Fv2%2Fcomments&post=419"}],"version-history":[{"count":14,"href":"https:\/\/institutoestudiospisoraca.es\/index.php?rest_route=\/wp\/v2\/pages\/419\/revisions"}],"predecessor-version":[{"id":586,"href":"https:\/\/institutoestudiospisoraca.es\/index.php?rest_route=\/wp\/v2\/pages\/419\/revisions\/586"}],"up":[{"embeddable":true,"href":"https:\/\/institutoestudiospisoraca.es\/index.php?rest_route=\/wp\/v2\/pages\/65"}],"wp:attachment":[{"href":"https:\/\/institutoestudiospisoraca.es\/index.php?rest_route=%2Fwp%2Fv2%2Fmedia&parent=419"}],"curies":[{"name":"wp","href":"https:\/\/api.w.org\/{rel}","templated":true}]}}