{"id":67,"date":"2019-05-20T00:06:57","date_gmt":"2019-05-20T00:06:57","guid":{"rendered":"http:\/\/institutoestudiospisoraca.es\/?page_id=67"},"modified":"2020-07-18T19:48:43","modified_gmt":"2020-07-18T17:48:43","slug":"naturaleza","status":"publish","type":"page","link":"https:\/\/institutoestudiospisoraca.es\/?page_id=67","title":{"rendered":"Ciencias naturales"},"content":{"rendered":"\n<p class=\"text-justify\">La investigaci\u00f3n cient\u00edfica ser\u00e1 atendida por el Instituto de Estudios Pisoraca, que promover\u00e1 estudios de la flora y la fauna aut\u00f3ctona, de la geolog\u00eda y los cauces fluviales, de los cultivos y la transformaci\u00f3n del medio.<\/p>\n\n\n\n<p>El Instituto de Estudios Pisoraca incluir\u00e1 dentro de sus actividades aqu\u00e9llas que contribuyan a revelar la importancia del medio natural como una fuente de riqueza y patrimonio en \u00e1reas rurales.<\/p>\n\n\n\n<p>La localizaci\u00f3n de Herrera de Pisuerga, dentro de la zona de frontera entre las \u00e1reas clim\u00e1ticas continental y oce\u00e1nica, con alternancia de zonas monta\u00f1osas, p\u00e1ramos y valles y con formaciones geol\u00f3gicas singulares, proporciona un entorno natural de gran inter\u00e9s y diversidad. Se promover\u00e1n estudios cient\u00edficos y actividades de divulgaci\u00f3n sobre todos los aspectos del medio natural, entre ellos:<\/p>\n\n\n\n<ul class=\"wp-block-list\"><li>Estudios sobre la geolog\u00eda de la zona, con el fin de dise\u00f1ar rutas divulgativas de inter\u00e9s.<\/li><li>Estudios de paisaje y su percepci\u00f3n por el observador, con el fin de evaluar y preservar aquellos parajes de mayor importancia paisaj\u00edstica.<\/li><li>Estudios sobre la biodiversidad de flora y fauna en los distintos ecosistemas: \u00e1reas de monta\u00f1a, bosques de ribera, estepas, etc. as\u00ed como del impacto de las actividades humanas sobre la misma y posibles medidas de conservaci\u00f3n de la riqueza natural.<\/li><li>Rutas bot\u00e1nicas y de observaci\u00f3n de la fauna.<\/li><\/ul>\n\n\n\n<p>Adem\u00e1s, la situaci\u00f3n privilegiada de Herrera como lugar de asentamiento desde la Prehistoria; importante yacimiento romano y medieval; encrucijada del ramal norte del Camino de Santiago, provee a la zona de una gran riqueza de restos biol\u00f3gicos y datos hist\u00f3ricos, que son una fuente muy interesante como materia de investigaci\u00f3n coordinada, entre arqueolog\u00eda y biolog\u00eda, para estudiar la influencia de los hitos hist\u00f3ricos en la actividad y caracter\u00edsticas de las poblaciones humanas y las especies con las que se relacionan. En este aspecto, se promover\u00e1n estudios sobre:<\/p>\n\n\n\n<ul class=\"wp-block-list\"><li>Caracter\u00edsticas morfol\u00f3gicas y gen\u00e9ticas de la fauna salvaje y dom\u00e9stica que aparece en los yacimientos.<\/li><li>Caracter\u00edsticas de las poblaciones humanas de las distintas \u00e9pocas y sus influencias \u00e9tnicas.<\/li><\/ul>\n\n\n\n<p><\/p>\n","protected":false},"excerpt":{"rendered":"<p>La investigaci\u00f3n cient\u00edfica ser\u00e1 atendida por el Instituto de Estudios Pisoraca, que promover\u00e1 estudios de la flora y la fauna aut\u00f3ctona, de la geolog\u00eda y los cauces fluviales, de los cultivos y la transformaci\u00f3n del medio. El Instituto de Estudios Pisoraca incluir\u00e1 dentro de sus actividades aqu\u00e9llas que contribuyan a revelar la importancia del medio [&hellip;]<\/p>\n","protected":false},"author":1,"featured_media":0,"parent":49,"menu_order":0,"comment_status":"closed","ping_status":"closed","template":"fullwidth-page.php","meta":{"footnotes":""},"class_list":["post-67","page","type-page","status-publish","hentry"],"_links":{"self":[{"href":"https:\/\/institutoestudiospisoraca.es\/index.php?rest_route=\/wp\/v2\/pages\/67","targetHints":{"allow":["GET"]}}],"collection":[{"href":"https:\/\/institutoestudiospisoraca.es\/index.php?rest_route=\/wp\/v2\/pages"}],"about":[{"href":"https:\/\/institutoestudiospisoraca.es\/index.php?rest_route=\/wp\/v2\/types\/page"}],"author":[{"embeddable":true,"href":"https:\/\/institutoestudiospisoraca.es\/index.php?rest_route=\/wp\/v2\/users\/1"}],"replies":[{"embeddable":true,"href":"https:\/\/institutoestudiospisoraca.es\/index.php?rest_route=%2Fwp%2Fv2%2Fcomments&post=67"}],"version-history":[{"count":6,"href":"https:\/\/institutoestudiospisoraca.es\/index.php?rest_route=\/wp\/v2\/pages\/67\/revisions"}],"predecessor-version":[{"id":464,"href":"https:\/\/institutoestudiospisoraca.es\/index.php?rest_route=\/wp\/v2\/pages\/67\/revisions\/464"}],"up":[{"embeddable":true,"href":"https:\/\/institutoestudiospisoraca.es\/index.php?rest_route=\/wp\/v2\/pages\/49"}],"wp:attachment":[{"href":"https:\/\/institutoestudiospisoraca.es\/index.php?rest_route=%2Fwp%2Fv2%2Fmedia&parent=67"}],"curies":[{"name":"wp","href":"https:\/\/api.w.org\/{rel}","templated":true}]}}